e the highest common factor of 6 and 1746.
6
What is the greatest common divisor of 31 and 3193?
31
What is the highest common factor of 14 and 4074?
14
What is the highest common divisor of 2409 and 264?
33
What is the highest common divisor of 120 and 105?
15
What is the highest common factor of 18 and 144?
18
What is the highest common factor of 69 and 51?
3
What is the greatest common divisor of 11920 and 32?
16
Calculate the highest common divisor of 18571 and 49.
49
What is the greatest common factor of 4495 and 725?
145
Calculate the highest common divisor of 1125 and 600.
75
Calculate the greatest common divisor of 32 and 3648.
32
Calculate the greatest common divisor of 1539 and 57.
57
Calculate the highest common factor of 23 and 575.
23
Calculate the greatest common divisor of 68 and 816.
68
Calculate the greatest common divisor of 84 and 84.
84
Calculate the greatest common divisor of 3933 and 13547.
437
What is the greatest common factor of 12 and 2874?
6
What is the highest common divisor of 1 and 29?
1
What is the greatest common factor of 128 and 192?
64
Calculate the highest common factor of 173 and 3.
1
What is the greatest common factor of 287 and 168?
7
What is the highest common divisor of 9 and 1233?
9
Calculate the greatest common divisor of 1092 and 84.
84
Calculate the highest common factor of 868 and 560.
28
What is the greatest common factor of 348 and 516?
12
Calculate the highest common divisor of 714 and 252.
42
What is the greatest common divisor of 225 and 420?
15
What is the highest common divisor of 14237 and 46?
23
Calculate the greatest common factor of 115 and 40.
5
What is the highest common divisor of 78 and 4719?
39
What is the greatest common divisor of 22 and 1298?
22
Calculate the highest common divisor of 132 and 4818.
66
Calculate the greatest common factor of 28 and 8078.
14
What is the greatest common factor of 2244 and 1020?
204
Calculate the highest common divisor of 325 and 1105.
65
What is the highest common factor of 24696 and 16?
8
What is the greatest common divisor of 6 and 57?
3
Calculate the highest common divisor of 1241 and 17.
17
Calculate the highest common factor of 1064 and 56.
56
Calculate the highest common factor of 96 and 1048.
8
Calculate the greatest common divisor of 117 and 18.
9
What is the highest common divisor of 836 and 228?
76
Calculate the greatest common divisor of 959 and 4384.
137
What is the highest common divisor of 195 and 1118?
13
What is the greatest common divisor of 51 and 867?
51
What is the highest common factor of 19 and 3439?
19
What is the highest common factor of 2030 and 87?
29
What is the greatest common factor of 1960 and 7?
7
What is the highest common factor of 744 and 31?
31
What is the highest common factor of 5177 and 124?
31
What is the highest common factor of 325 and 95?
5
What is the highest common divisor of 1887 and 102?
51
What is the highest common divisor of 12 and 3864?
12
What is the highest common divisor of 17554 and 524?
262
Calculate the highest common divisor of 14 and 3836.
14
Calculate the highest common factor of 178 and 3382.
178
Calculate the greatest common factor of 253 and 23.
23
What is the greatest common factor of 62 and 4588?
62
What is the greatest common divisor of 3402 and 168?
42
Calculate the greatest common divisor of 185 and 148.
37
What is the highest common divisor of 623 and 35?
7
What is the highest common divisor of 80 and 16?
16
What is the highest common factor of 879 and 3?
3
What is the highest common factor of 49 and 833?
49
Calculate the greatest common divisor of 1985 and 15.
5
What is the highest common divisor of 39 and 35724?
39
Calculate the greatest common factor of 132 and 96.
12
What is the highest common divisor of 26 and 1131?
13
What is the highest common divisor of 30 and 20?
10
What is the highest common factor of 20214 and 54?
18
What is the greatest common factor of 882 and 252?
126
Calculate the highest common factor of 220 and 200.
20
What is the greatest common factor of 228 and 1520?
76
Calculate the highest common divisor of 31 and 2015.
31
What is the highest common divisor of 123 and 41?
41
Calculate the highest common factor of 2507 and 218.
109
Calculate the highest common divisor of 2888 and 8.
8
What is the highest common factor of 90 and 105?
15
What is the greatest common factor of 8832 and 414?
138
What is the greatest common factor of 76 and 10?
2
What is the greatest common factor of 649 and 44?
11
Calculate the greatest common divisor of 420 and 7.
7
What is the highest common divisor of 18 and 72?
18
Calculate the highest common divisor of 92 and 1564.
92
Calculate the greatest common divisor of 963 and 13375.
107
What is the greatest common divisor of 15249 and 34?
17
Calculate the highest common divisor of 3175 and 1524.
127
What is the greatest common factor of 585 and 2145?
195
Calculate the highest common factor of 7 and 343.
7
What is the greatest common divisor of 4237 and 3568?
223
Calculate the highest common factor of 282 and 3.
3
What is the highest common factor of 1431 and 53?
53
What is the greatest common factor of 177 and 2006?
59
Calculate the greatest common factor of 80 and 64.
16
Calculate the highest common factor of 32 and 256.
32
What is the highest common factor of 3 and 213?
3
What is the greatest common divisor of 28 and 322?
14
What is the highest common divisor of 649 and 66?
11
What is the greatest common divisor of 423 and 63?
9
Calculate the highest common divisor of 128 and 56.
8
What is the highest common factor of 36 and 495?
9
Calculate the greatest common divisor of 10 and 5120.
10
Calculate the highest common factor of 7824 and 6.
6
What is the greatest common divisor of 1408 and 77?
11
Calculate the greatest common divisor of 63 and 108.
9
Calculate the greatest common divisor of 656 and 451.
41
Calculate the highest common divisor of 156 and 108.
12
Calculate the highest common divisor of 8 and 55336.
8
What is the highest common divisor of 87 and 9106?
29
Calculate the highest common factor of 333 and 777.
111
Calculate the greatest common factor of 114 and 171.
57
What is the greatest common divisor of 8672 and 813?
271
Calculate the greatest common factor of 156 and 52.
52
What is the highest common divisor of 2394 and 168?
42
Calculate the highest common factor of 57 and 1539.
57
What is the highest common divisor of 12 and 192?
12
Calculate the greatest common factor of 1864 and 2563.
233
Calculate the highest common factor of 1590 and 30.
30
What is the highest common factor of 12 and 186?
6
Calculate the highest common divisor of 2574 and 91.
13
Calculate the greatest common divisor of 169 and 1.
1
What is the greatest common divisor of 1188 and 84?
12
Calculate the greatest common factor of 1176 and 16.
8
What is the highest common divisor of 420 and 8260?
140
What is the greatest common factor of 118 and 1239?
59
Calculate the greatest common divisor of 4925 and 3349.
197
Calculate the highest common factor of 363 and 38357.
121
What is the greatest common divisor of 232 and 952?
8
What is the greatest common divisor of 906 and 6?
6
Calculate the highest common factor of 3042 and 52.
26
Calculate the greatest common factor of 8 and 1920.
8
What is the greatest common factor of 225 and 285?
15
Calculate the greatest common factor of 568 and 213.
71
What is the greatest common divisor of 69 and 184?
23
What is the greatest common divisor of 17 and 544?
17
Calculate the highest common factor of 2024 and 11.
11
Calculate the highest common divisor of 23 and 667.
23
What is the highest common factor of 3642 and 48?
6
What is the greatest common divisor of 74 and 407?
37
Calculate the highest common factor of 679 and 7.
7
What is the highest common factor of 1269 and 188?
47
What is the highest common divisor of 210 and 4872?
42
Calculate the greatest common factor of 696 and 7134.
174
Calculate the highest common factor of 2 and 9.
1
What is the highest common factor of 177 and 413?
59
Calculate the greatest common divisor of 72 and 3681.
9
Calculate the greatest common factor of 4 and 76.
4
Calculate the highest common factor of 464 and 29.
29
What is the greatest common factor of 711 and 79?
79
Calculate the greatest